base 4) to base 10
-271919
What is 1011001012220 (base 3) in base 13?
185199
10111000111111000100000 (base 2) to base 16
5c7e20
-22594 (base 13) to base 7
-350110
What is -20444554 (base 6) in base 3?
-1010100020221
What is 28135 (base 11) in base 14?
10877
What is -1426db (base 15) in base 12?
-3a9545
-1660113 (base 10) to base 2
-110010101010011010001
What is 2a758 (base 14) in base 13?
39176
Convert -313026 (base 8) to base 6.
-2121142
-1135600 (base 7) to base 5
-14044133
Convert -221661 (base 7) to base 5.
-2222341
Convert 1001111013 (base 4) to base 8.
1012507
-166628 (base 12) to base 3
-201112110012
77134 (base 8) to base 6
405432
What is 1357897 (base 10) in base 3?
2112222200111
-137761 (base 8) to base 6
-1015253
Convert 4042203 (base 7) to base 5.
110342422
What is 21110020021011 (base 3) in base 16?
3c7012
What is 137361 (base 10) in base 14?
380b7
What is -337160 (base 12) in base 3?
-1112201020000
Convert 21640420 (base 8) to base 7.
54456215
What is 64351030 (base 7) in base 15?
7321b4
What is aea9b (base 16) in base 13?
1c0833
Convert 33544152 (base 6) to base 8.
3721404
Convert -219579 (base 12) to base 8.
-2024355
124333310 (base 5) to base 8
2275030
What is 69c41 (base 13) in base 11?
122195
22522340 (base 7) to base 3
10201012012002
1102022021000 (base 3) to base 2
10111000000100110111
144381 (base 12) to base 9
566277
-516964 (base 11) to base 5
-203012131
11110011001110100000 (base 2) to base 14
1bd0d2
What is 42038 (base 15) in base 12?
a115b
What is -10111111002 (base 3) in base 5?
-4201004
Convert -441969 (base 14) to base 15.
-3094ab
Convert 12000526 (base 9) to base 7.
100456356
Convert 1111011100101001000100 (base 2) to base 8.
17345104
What is 94667 (base 10) in base 11?
65141
What is aca74 (base 13) in base 15?
62e74
-1ac582 (base 14) to base 6
-32253542
Convert -24213001 (base 5) to base 13.
-7bb39
20102111112010 (base 3) to base 6
201110133
What is -10110104 (base 7) in base 13?
-236801
1100100000111110100 (base 2) to base 13
114882
Convert -25870b (base 12) to base 11.
-390a50
What is 6341682 (base 9) in base 11?
1a08502
-211521 (base 9) to base 12
-60984
4472410 (base 8) to base 3
2021110021022
-102110221122 (base 3) to base 6
-4502025
What is 1001011001100 (base 2) in base 13?
2262
Convert 54302315 (base 6) to base 3.
10000210202102
What is 2b1848 (base 13) in base 10?
1060366
Convert 615047 (base 8) to base 3.
101022212202
1322231131 (base 4) to base 13
147a12
Convert 122123320122 (base 4) to base 13.
158837a
What is -115314105 (base 6) in base 2?
-1000011101100101111001
Convert 26271777 (base 8) to base 6.
325352423
What is -e2233 (base 16) in base 11?
-582a04
What is -70137 (base 10) in base 3?
-10120012200
What is 87b744 (base 14) in base 15?
60dd4a
b1d87 (base 16) to base 12
2b1687
-e071 (base 15) to base 16
-b8fc
-213550011 (base 6) to base 2
-1110100101101101110111
Convert 331042432 (base 5) to base 13.
3ab657
What is -8c095b (base 13) in base 15?
-4571d3
-1233115203 (base 6) to base 14
-1cb78b1
What is 44327 (base 14) in base 10?
165263
What is 1105251 (base 7) in base 8?
412161
-3a128 (base 16) to base 9
-402253
377632 (base 8) to base 4
133332122
What is -1d2537 (base 14) in base 3?
-1222000202101
What is 57065 (base 11) in base 9?
135260
79617 (base 11) to base 4
130020022
-8d05 (base 15) to base 7
-153155
What is -11424114 (base 5) in base 9?
-174167
Convert -504885 (base 9) to base 4.
-1020332012
What is 1475000 (base 10) in base 7?
15352202
Convert -32126153 (base 8) to base 10.
-6859883
-25d579 (base 15) to base 11
-1031149
What is 10130252 (base 6) in base 13?
a2a0a
Convert 2603aa (base 13) to base 3.
1201110121001
Convert -4303053 (base 6) to base 16.
-336c9
Convert -cbdf1 (base 16) to base 10.
-835057
3193707 (base 11) to base 2
10101011010001100111110
Convert -1412289 (base 10) to base 4.
-11120303001
Convert -385ff (base 16) to base 11.
-14853a
-124d76 (base 16) to base 10
-1199478
414031043 (base 6) to base 4
123123022203
Convert 418025 (base 14) to base 16.
21bf71
What is -1231c0 (base 13) in base 12?
-18bb17
What is 2121131031 (base 4) in base 5?
130103212
377371 (base 15) to base 16
288a8a
Convert 13103012103 (base 5) to base 13.
3435695
Convert 1110101110010111001111 (base 2) to base 9.
7232728
Convert -11110100010110001 (base 2) to base 15.
-27105
What is 2112321101 (base 4) in base 11?
3923a8
-16b4bc (base 16) to base 14
-2aa420
Convert -d5db92 (base 14) to base 11.
-4092896
What is 1023140 (base 9) in base 4?
2011200303
-533024 (base 6) to base 12
-21174
Convert -13dca5 (base 16) to base 6.
-43522125
What is -2120133423 (base 5) in base 2?
-10001000000100001110101
What is -36582e (base 15) in base 12?
-a54b82
What is 132033313 (base 4) in base 10?
123895
What is -415395 (base 12) in base 4?
-3322103201
What is 37286 (base 12) in base 3?
10210110110
What is 106912 (base 11) in base 10?
170139
What is -1011000101011100110 (base 2) in base 7?
-3042001
Convert 101111000100000001011 (base 2) to base 5.
343322110
Convert -211145513 (base 6) to base 14.
-6c45b7
What is 208351a (base 11) in base 8?
15765745
Convert 326 (base 14) to base 2.
1001101110
Convert -51891 (base 10) to base 9.
-78156
14242 (base 13) to base 4
21031231
What is 110110142 (base 5) in base 4?
1303113203
10101011010000100 (base 2) to base 3
11110021120
Convert 51463 (base 11) to base 2.
10010010101010001
Convert -449897 (base 10) to base 11.
-288018
1b068d2 (base 14) to base 15
12ae42b
What is -10422530 (base 8) in base 4?
-20202111120
Convert -3903663 (base 10) to base 2.
-1110111001000010101111
What is -4959a8 (base 11) in base 15?
-1073aa
Convert 394525 (base 10) to base 6.
12242301
-1210302322 (base 4) to base 8
-1446272
-781364 (base 12) to base 6
-104534204
What is 637192 (base 11) in base 2?
11111000111101111000
Convert 204823 (base 10) to base 12.
9a647
What is 7c745 (base 16) in base 5?
112303030
What is -11102210112212 (base 3) in base 9?
-4383485
Convert -5530402 (base 6) to base 14.
-72922
What is 1017a4a (base 11) in base 3?
10101021201112
What is -544333250 (base 6) in base 12?
-3314226
What is 8713140 (base 9) in base 7?
54504024
Convert 1207046 (base 8) to base 15.
6826c
b354c (base 15) to base 10
568197
Convert -1230322102 (base 4) to base 12.
-1961aa
a83b9 (base 12) to base 13
79c23
What is -1bb7822 (base 12) in base 3?
-102020000202122
Convert 44347 (base 13) to base 10.
123598
-143051016 (base 7) to base 9
-18653613
Convert -3056340 (base 7) to base 4.
-1121221101
Convert -13424204420 (base 5) to base 11.
-9913800
Convert -56466 (base 9) to base 5.
-2200223
80053 (base 9) to base 6
1043120
Convert -2178615 (base 9) to base 8.
-4365256
-2001441420 (base 5) to base 14
-746b42
What is -202253 (base 6) in base 5?
-1003324
Convert 4340162 (base 8) to base 13.
3196b8
What is 332a28b (base 12) in base 7?
145663202
Convert -242750 (base 8) to base 7.
-465146
11200312233 (base 4) to base 8
5406657
1322654 (base 7) to base 2
101010011101000011
-630267 (base 8) to base 12
-a0bb3
-122047 (base 10) to base 16
-1dcbf
What is -1d4fa (base 16) in base 2?
-11101010011111010
1052122 (base 9) to base 7
4544402
402205535 (base 6) to base 16
683243
Convert 29083 (base 10) to base 8.
70633
Convert 99495 (base 16) to base 7.
5223333
Convert -361350 (base 12) to base 3.
-1122100201020
Convert 1aca4b (base 13) to base 6.
22403220
-121111222 (base 3) to base 10
-12041
What is 171a42 (base 14) in base 15?
11069d
What is -34523160 (base 7) in base 6?
-144545130
Convert 11011020000 (base 4) to base 11.
82a598
-12c8052 (base 13) to base 4
-112213230222
Convert -98c17 (base 14) to base 6.
-11533141
What is -444252 (base 7) in base 10?
-78339
Convert 24a321 (base 13) to base 11.
550725
Convert -147644 (base 10) to base 2.
-100100000010111100
Convert 44c009 (base 15) to base 10.
3280509
What is -13d8db (base 14) in base 10?
-690505
-411302 (base 6) to base 16
-7fd6
Convert 1304002 (base 7) to base 2.
101001010111100100
What is 176451 (base 9) in base 6?
2203544
What is -12563626 (base 8) in base 6?
-140133330
-45401441 (base 6) to base 14
-2807bb
2202121022011 (base 3) to base 8
5464012
Convert 100112002121111 (base 3) to base 4.
103103131102
Convert -2947615 (base 13) to base 8.
-62044426
Convert 1341264 (base 8) to base 7.
